or of 43286 and 1189008?
46
Calculate the greatest common factor of 2435106 and 21614.
214
Calculate the greatest common divisor of 67995703 and 149.
149
Calculate the highest common divisor of 304 and 2708507.
19
What is the greatest common divisor of 228 and 46128884?
76
Calculate the highest common factor of 1039181 and 5909189.
6149
Calculate the highest common divisor of 13485054 and 726.
66
Calculate the highest common divisor of 2109 and 4375583.
37
What is the greatest common divisor of 1895323 and 11226?
1871
Calculate the highest common factor of 9927665 and 165.
55
Calculate the highest common divisor of 3995 and 108245.
5
Calculate the greatest common divisor of 7980 and 604207296.
1596
Calculate the highest common divisor of 3247302508 and 292.
292
Calculate the greatest common divisor of 3097422 and 1134.
18
Calculate the greatest common divisor of 3934 and 1074263.
281
Calculate the greatest common factor of 51818307 and 717.
717
Calculate the highest common factor of 5542 and 35664726.
326
What is the highest common divisor of 8 and 23799136?
8
What is the highest common divisor of 58839 and 8891?
1
What is the greatest common divisor of 1059 and 728724375?
1059
Calculate the greatest common factor of 2583921 and 19785.
3957
What is the highest common factor of 155386024 and 8?
8
What is the greatest common divisor of 10565 and 581170085?
10565
What is the greatest common factor of 22965 and 2340899?
1531
What is the greatest common factor of 243 and 662741?
1
Calculate the highest common divisor of 15084305 and 710.
355
What is the greatest common factor of 5416495 and 14219?
59
Calculate the greatest common factor of 29997 and 151138521.
2727
What is the greatest common factor of 3279494 and 812?
58
What is the highest common factor of 29939 and 45868851?
2303
Calculate the greatest common factor of 21691 and 34825.
199
Calculate the highest common factor of 952398623 and 44.
11
Calculate the highest common factor of 2600967 and 798.
57
What is the highest common divisor of 135618 and 98?
14
What is the highest common divisor of 21185855 and 14155?
95
Calculate the greatest common factor of 12050 and 9150.
50
What is the greatest common divisor of 2951 and 5025683?
13
Calculate the greatest common factor of 59 and 395461247.
59
What is the greatest common factor of 582 and 4603426?
194
Calculate the greatest common divisor of 28336004 and 160836.
4124
Calculate the highest common factor of 623 and 318822.
7
Calculate the highest common factor of 58034057 and 3106.
1553
Calculate the highest common factor of 13724 and 17192741.
3431
Calculate the greatest common divisor of 777 and 9883699.
259
What is the greatest common divisor of 610 and 27310859?
61
What is the highest common divisor of 2597 and 229052432?
371
Calculate the highest common factor of 670 and 13761063.
67
What is the highest common factor of 20 and 20275670?
10
Calculate the highest common divisor of 66838220 and 68.
68
What is the highest common divisor of 13949 and 10284937?
377
Calculate the greatest common factor of 109148 and 44356.
52
What is the highest common factor of 35502580 and 140?
20
What is the greatest common factor of 358962 and 5675313?
6189
What is the greatest common divisor of 3147066 and 1836?
54
Calculate the greatest common factor of 72 and 6469128.
72
Calculate the greatest common divisor of 3526150 and 2180.
1090
What is the greatest common factor of 29427 and 7276?
17
What is the highest common factor of 5042862 and 63?
9
What is the greatest common factor of 18554 and 288?
2
What is the highest common factor of 10483 and 130372?
11
What is the greatest common factor of 27828336 and 112?
16
Calculate the highest common factor of 5586 and 641508.
294
Calculate the highest common factor of 880100 and 23660.
260
What is the greatest common divisor of 72747 and 715257?
531
Calculate the highest common divisor of 707 and 51974398.
707
Calculate the greatest common factor of 14214 and 784644.
6
Calculate the greatest common divisor of 22950 and 20434.
34
What is the greatest common divisor of 2436 and 1804467?
609
What is the highest common divisor of 1216 and 866128?
16
Calculate the highest common divisor of 6162873 and 5589.
69
Calculate the greatest common divisor of 581220 and 9880.
20
Calculate the greatest common divisor of 158659 and 34249.
29
What is the highest common factor of 189 and 145113?
3
What is the greatest common factor of 1527 and 34839523?
509
What is the highest common factor of 6448 and 3636269?
403
Calculate the highest common factor of 250 and 183839050.
50
What is the highest common divisor of 236298 and 666?
6
Calculate the greatest common factor of 24292318 and 3856.
482
What is the highest common divisor of 236662913 and 3241?
463
What is the highest common divisor of 36 and 3946436?
4
What is the greatest common divisor of 549 and 26513223?
183
Calculate the highest common divisor of 32019450 and 4425.
75
Calculate the greatest common factor of 1315900 and 2650.
50
What is the highest common factor of 361847 and 177?
59
Calculate the highest common divisor of 3837 and 354.
3
What is the highest common divisor of 573071 and 2603?
137
Calculate the highest common divisor of 2604 and 156828.
84
What is the highest common divisor of 18639 and 43605?
171
Calculate the greatest common divisor of 1050 and 41288350.
50
What is the highest common factor of 83088698 and 110?
22
What is the greatest common factor of 1898770 and 410?
10
What is the highest common divisor of 7936 and 9060928?
1984
What is the highest common factor of 12737292 and 24?
12
What is the highest common divisor of 1951702 and 5866?
838
What is the greatest common divisor of 50 and 4927070?
10
Calculate the highest common factor of 12 and 7480011.
3
Calculate the highest common factor of 837 and 128146839.
93
What is the highest common factor of 80871881 and 67?
67
What is the highest common factor of 336 and 3828192?
48
Calculate the highest common factor of 27553137 and 10071.
1119
Calculate the greatest common factor of 43948538 and 24610.
4922
Calculate the highest common factor of 833 and 514743.
17
Calculate the greatest common divisor of 357520 and 41656.
328
Calculate the highest common divisor of 2 and 1302247.
1
What is the highest common divisor of 17220 and 95340?
420
What is the highest common factor of 46463 and 2958304?
479
Calculate the greatest common factor of 15 and 12862965.
15
What is the highest common factor of 17718 and 899463129?
8859
Calculate the greatest common factor of 189840 and 7280.
560
Calculate the greatest common divisor of 4594777 and 123794.
187
Calculate the greatest common divisor of 51480 and 32975800.
5720
What is the highest common factor of 992 and 2580254?
62
What is the highest common factor of 1800542 and 420452?
514
Calculate the highest common factor of 3492744 and 24.
24
What is the greatest common divisor of 198039264 and 224?
32
What is the highest common factor of 716 and 1125784?
4
Calculate the highest common divisor of 4368150 and 23800.
850
What is the greatest common divisor of 117190016 and 128?
128
What is the highest common divisor of 30910 and 3706390?
2810
What is the greatest common factor of 4818645 and 558?
9
What is the highest common divisor of 30 and 306487540?
10
What is the greatest common factor of 27982 and 70924?
34
What is the greatest common divisor of 12750 and 2938887750?
12750
Calculate the highest common divisor of 68661 and 11.
1
What is the highest common divisor of 6 and 22052806?
2
Calculate the greatest common factor of 4709600 and 100.
100
What is the highest common factor of 14750564 and 316?
316
What is the greatest common divisor of 3552417 and 7128?
891
What is the highest common factor of 185 and 11967835?
185
Calculate the highest common factor of 864 and 203240304.
144
Calculate the highest common divisor of 19 and 194272093.
19
Calculate the greatest common factor of 440588 and 1081.
23
What is the highest common divisor of 57708 and 21546?
126
What is the highest common divisor of 552307 and 28?
7
What is the highest common factor of 36 and 10696419?
9
What is the highest common factor of 26 and 15661048?
26
Calculate the greatest common divisor of